
2
Let i(d) = d**2 - 3*d - 2. Let l = 9 - 3. What is the units digit of i(l)?
6
Suppose 0 = -5*k - 136 + 636. What is the tens digit of k?
0
Let i = -3 - -3. What is the units digit of 4 + -2 + (12 - i)?
4
Suppose 2*f - 3*y = 35, 0 = 3*f - 0*f + 3*y - 30. Let k = 29 - f. What is the units digit of k?
6
Suppose 8*q + 45 = 3*q. What is the units digit of ((-12)/q + -2)*-9?
6
Let f be -3*3*2/3. Let s = f - -3. Let n(k) = -3*k. What is the units digit of n(s)?
9
Suppose i = 1, 0 = -0*d - 2*d - 4*i + 8. Suppose -3*x = x + 2*h - 18, 5*h = x + 1. Suppose -d*c - 30 = -x*c. What is the units digit of c?
5
What is the units digit of 858/42 + 6/(-14)?
0
Let r = 9 - 6. Let x(a) be the first derivative of a**2 - 3*a + 2. What is the units digit of x(r)?
3
Let h = 20 - 13. Let r = -3 + h. What is the units digit of r?
4
Let j = 7 + -14. Let h = -2 - j. What is the units digit of h?
5
Suppose f + 39 = 90. What is the units digit of f?
1
Suppose -173 = -4*r + 55. What is the tens digit of r?
5
Suppose 0 = 5*c - 1 - 4, 2*c - 80 = -z. What is the units digit of z?
8
Let r(f) = f**2 - 3*f - 4. Let a be r(4). What is the units digit of 15 - (3 + a)/(-3)?
6
Suppose -4*c - 3*y = -35, 6*y - y - 30 = -c. What is the units digit of c?
5
Let i(t) = 3*t**3 - 2*t**3 - 2*t + t. Let z be i(-1). Suppose 10 = 5*f - z*f. What is the units digit of f?
2
Let w(l) = 2*l**3 - 10*l**2 + 9*l + 10. What is the hundreds digit of w(6)?
1
Suppose 0*f - 3*f + 57 = 0. Let o = f - 12. Suppose 0 = o*j - 4*j - 24. What is the units digit of j?
8
Suppose -5*c = -2*a + 29, 2*c - 15 = 5*c. Let y(v) = v**3 - 2*v + 5*v**a + 3*v + 1 - 5. What is the tens digit of y(-3)?
1
Suppose -3*k + 1 = 4. Let z = k + 0. What is the tens digit of 26*(3/2 + z)?
1
Suppose 3*c = -5*r + 2, -4*r - 8 = -c - 2*r. Let l(t) = 2*t + 2. What is the tens digit of l(c)?
1
Suppose 4*b = 4 + 4. What is the tens digit of (-15)/b*(0 - 2)?
1
Suppose -v + 4*q + 43 = 8*q, 3*q - 185 = -4*v. What is the tens digit of v?
4
Let w(m) = 5*m**2 + 5*m + 2. Let s be w(-3). Suppose 0 = -2*p - 0 + s. What is the units digit of p?
6
Let a(n) = n**2 + 5. What is the units digit of a(-4)?
1
Let n(o) = -o + 1. Let u be n(-2). Suppose -m + 11 = -2*k, 2*k = -4*m + 1 + u. Suppose -m*p + 85 = 2*p. What is the units digit of p?
7
Suppose 0*r + 3*r + 42 = 0. Suppose 3*j - 30 = 57. Let v = j + r. What is the units digit of v?
5
Let h(s) = 110*s + 7. Let d be h(13). What is the tens digit of (-6)/27 - d/(-27)?
5
Let c be 994/63 + (-2)/(-9). What is the units digit of c/(-2 - -3 - -1)?
8
Suppose -v = 3*u - 72, -2*u + v + 43 = -0. What is the units digit of u?
3
Let n(f) = f**3 + 6*f**2 + 4. Let g be 4/(-2) - (5 + -1). Let i be n(g). Let v = 5 - i. What is the units digit of v?
1
Suppose -4*s + 0*s + 67 = 5*a, -87 = -5*s - 3*a. Suppose 5*j - s = 4*v + 55, -4*j = -3*v - 59. What is the units digit of j?
7
Suppose -5*v = 2*d - 3, 5*v + 4*d - 9 = 2. Let k be ((-70)/4)/(v/2). Suppose 0 = -3*t - 2*t + k. What is the units digit of t?
7
Let m be (-12)/30 + (-24)/(-10). Suppose 0 = m*y + 2*y - 8. What is the units digit of 11/((-1)/(-3 + y))?
1
Let c = 14 + 23. What is the tens digit of c?
3
Let c(r) = -r**3 - 8*r**2 + 8*r - 12. Let b be c(-9). Let o = -3 - b. Suppose o = -2*w - 0*w + 22. What is the units digit of w?
1
Suppose 0 = -3*v - 4*y + 5, -2 = -2*v - 2*y + 2. Let r = -13 - -18. Suppose -r = -v*h + 1. What is the units digit of h?
2
Let f(w) = w**2 - w - 3. Let j be f(5). Suppose -4*n + 4*v = 48, 2*n + 2*v + 27 = 7. Let o = j + n. What is the units digit of o?
6
Suppose 11 = -o - 13. Suppose -10 = 5*f, -18 = k + 2*f - 54. Let c = k + o. What is the tens digit of c?
1
Suppose -12 = -5*o + 13. Let n(r) = 4*r + 4. Let x(u) = 3*u + 3. Let p(i) = 4*n(i) - 5*x(i). What is the units digit of p(o)?
6
Suppose s - 45 = 5*b, 4*s - 203 = s - 2*b. What is the units digit of s?
5
Let k(q) = -224*q - 5. What is the tens digit of k(-1)?
1
Suppose 9*i - 2*o - 22 = 4*i, -o + 3 = i. Suppose -4*b + 2*d + 37 = b, -4*b - i*d + 52 = 0. What is the units digit of b?
9
Suppose -2*x + g = -6 - 11, -5*g = -x + 4. Let i = 1 - 1. Let b = x - i. What is the units digit of b?
9
Let p(c) = c**3 + 7*c**2 - c - 8. Let z be p(-7). Let v(m) = -3*m**3 + m**2. Let s be v(z). Suppose 2*g + 4*k = k, s*g + 2*k = 8. What is the units digit of g?
3
Let u be 10*(-2)/(-16)*4. Let r = -4 + 5. Let s = u - r. What is the units digit of s?
4
What is the units digit of -14 + 94 + (-3)/((-6)/4)?
2
Let v = 10 - 8. Suppose 0 = 2*y - v*r - 40, 0 = y - 2*y - 5*r + 44. What is the tens digit of y?
2
Let y(t) = -t**2 + 29*t - 20. What is the units digit of y(28)?
8
Let h(s) be the first derivative of -2/3*s**3 - 2 - s - 1/4*s**4 - 3/2*s**2. What is the units digit of h(-2)?
5
Let k = -7 + 7. Let q = k + 1. What is the units digit of q?
1
Let b(f) = 5*f**2 + 2. Let a be b(2). Let i = a + 9. What is the tens digit of i?
3
Suppose 0*c = -2*c + 6. Suppose -2*j + 65 = c*j. What is the tens digit of j?
1
Let o = -7 + 16. Let c = o - -3. Let a = c - 7. What is the units digit of a?
5
Suppose 591 + 177 = 16*h. What is the tens digit of h?
4
Let s(y) = 4*y**2 - 2*y - 3. What is the units digit of s(-3)?
9
Suppose -2*o + 170 = -y + 7, -5*o = -4*y - 412. What is the units digit of o?
0
Suppose 0 + 6 = 2*x. Let p = x - 4. What is the units digit of (3/9)/(p/(-3))?
1
Let x be -18*((-9)/(-6))/3. What is the tens digit of 2/x + 768/54?
1
Let i(m) = -2*m - 3. Let t(w) = w - 4. Let o be t(2). What is the units digit of i(o)?
1
Suppose -18 = 4*w - 3*t, 7*w - 4*t = 2*w - 22. Let p = w - -3. What is the units digit of p/(-2)*(-16)/(-6)?
4
Let g(p) = -p**2 - 5*p - 6. Let t be g(-5). Let w be (-56)/(-12)*t/4. Let d = w - -23. What is the units digit of d?
6
Let r = 0 + 50. Suppose 3*t = 79 + r. What is the units digit of t?
3
Let j(b) = -b**3 - b**2 + 8. Let g be j(0). Suppose -5*i = -3*f - g, -2*i = 4*f - 0 + 2. What is the units digit of 0/3 - (i - 6)?
5
Let a(u) = 6*u**2 - 3 - 3*u**2 + 4. Let c be a(-1). Let o(v) = v**2 - 4*v + 5. What is the units digit of o(c)?
5
Suppose 3*h + 44 = u - 0*h, -u + 5*h + 42 = 0. What is the units digit of u?
7
Let o(y) = y**3 - 8*y**2 + 2*y - 11. Let g be o(8). Suppose -g*p = -p - 88. What is the units digit of p?
2
Suppose 3*y + x = 254, -3*y - 3*x = -6*y + 234. What is the tens digit of y?
8
Let r = -14 + -2. Let m = 22 + r. Let t = m + -1. What is the units digit of t?
5
Let y be (-3 + 1 - -2)/(-1). Let x be y + 36/(2 + -4). Let p = 35 + x. What is the tens digit of p?
1
Suppose 20 + 1370 = 10*c. What is the hundreds digit of c?
1
Let h be 58/8 - 7/28. Let i = 3 + h. What is the tens digit of i?
1
Let k = -19 - -29. Suppose f - k = -f. What is the units digit of f?
5
Let h(o) be the second derivative of -o**4/12 + 2*o**3/3 + 7*o**2/2 - 2*o. What is the units digit of h(5)?
2
Suppose 3*j = -2*j - 25. Let i = j - -5. Suppose -4*l - 5*d = 11, i*d + 4*d = 2*l - 14. What is the units digit of l?
1
What is the tens digit of (-3*2/3)/1 - -356?
5
Suppose 3*u - 16 = 2. Suppose 0*o = 3*o - u. What is the units digit of o?
2
Let t(a) be the first derivative of a**3/3 - a**2 - 3*a + 1. Let i be t(-2). Suppose 15 = 5*l - n, -5*l - i = -4*n - n. What is the units digit of l?
4
Let x be 12*(-2 - -4) + 2. Let s = x + 32. What is the tens digit of s?
5
Let k(c) = -18*c - 7. Let t be k(-9). Suppose -3*x - 5*l = -190, -l = 3*x - 3*l - t. Suppose r - 6*r = -x. What is the units digit of r?
1
Let k = 11 + -4. Suppose -k*j + 32 = -3*j. What is the units digit of j?
8
Let p = 72 - -2. Suppose -w = w - p. What is the units digit of w?
7
Suppose 0 = 4*k + 3*v - 2*v - 21, -5 = -5*k + 3*v. Suppose -5*d + c = -122, -k*d - 2*c + 88 = -6*c. What is the units digit of d?
5
Let d be (-130)/(-2)*(-18)/(-45). What is the units digit of 2 - ((-2)/(-2) - d)?
7
What is the units digit of (-2)/(-7) + (-2280)/(-56)?
1
Let g(v) = v**2 + v + 57. What is the units digit of g(-6)?
7
Suppose c - 10 = -4*c. Let l be c/8 - 38/(-8). Suppose g = y - 5*y + 39, 5*g - 45 = -l*y. What is the units digit of y?
0
Let y(n) = n + 1. Let s be y(4). Suppose t - a + 3*a = 12, -s*a + 16 = -t. What is the units digit of t?
4
Suppose 4*p = y - 5, 0*y + 3*y = -3*p. Suppose -6*c + c = t - y, 0 = 5*t + 20. What is the units digit of c?
1
What is the 